 of 1320 and 560208.
264
What is the highest common factor of 1185492 and 462?
462
Calculate the highest common factor of 83 and 1473167.
83
Calculate the highest common divisor of 36 and 120159.
9
Calculate the greatest common divisor of 539136 and 522.
18
What is the greatest common factor of 30 and 2922?
6
Calculate the greatest common factor of 17 and 394.
1
Calculate the highest common divisor of 90 and 1462410.
90
Calculate the greatest common divisor of 312520 and 2860.
260
Calculate the highest common factor of 672291 and 81.
9
What is the greatest common divisor of 1374822 and 90?
18
What is the highest common factor of 490 and 43085?
35
Calculate the greatest common divisor of 795 and 1281381.
159
Calculate the highest common divisor of 12141 and 1704.
213
What is the greatest common divisor of 253145 and 5?
5
Calculate the greatest common divisor of 3 and 305367.
3
What is the highest common factor of 142 and 979658?
142
What is the greatest common factor of 396 and 4136?
44
What is the greatest common divisor of 43493 and 49197?
713
Calculate the greatest common divisor of 904 and 438892.
452
Calculate the greatest common factor of 3010 and 175182.
602
Calculate the greatest common factor of 837 and 49507.
31
What is the greatest common factor of 86156 and 56?
28
Calculate the greatest common factor of 399285 and 1425.
285
What is the highest common factor of 792 and 31944?
264
Calculate the greatest common divisor of 32610 and 3200.
10
Calculate the greatest common divisor of 136 and 53516.
68
What is the greatest common divisor of 23064 and 465?
93
Calculate the greatest common factor of 2954 and 1918.
14
What is the greatest common divisor of 170 and 294695?
85
Calculate the highest common divisor of 23618 and 294.
98
What is the highest common divisor of 80 and 699590?
10
What is the greatest common factor of 35368 and 12?
4
Calculate the greatest common divisor of 2635119 and 27.
27
Calculate the highest common divisor of 6604978 and 206.
206
Calculate the highest common divisor of 1335 and 103305.
15
What is the greatest common divisor of 189761 and 33?
11
Calculate the greatest common divisor of 6416 and 2376326.
802
What is the greatest common factor of 3300 and 3540?
60
Calculate the greatest common factor of 316918 and 56.
14
Calculate the highest common factor of 8349 and 176.
11
What is the greatest common factor of 2407 and 580?
29
What is the greatest common factor of 400794 and 402?
402
What is the highest common divisor of 33 and 1382854?
11
What is the greatest common factor of 165 and 126225?
165
What is the highest common divisor of 158 and 419885?
79
Calculate the greatest common divisor of 260074 and 2398.
218
Calculate the highest common factor of 72642 and 12.
6
Calculate the greatest common divisor of 303956 and 4.
4
Calculate the highest common factor of 37534 and 1302.
14
What is the greatest common factor of 5871158 and 262?
262
Calculate the greatest common divisor of 26956 and 2051.
293
What is the greatest common factor of 96 and 57648?
48
What is the highest common factor of 56 and 40348?
28
What is the greatest common factor of 1526 and 45808?
14
What is the greatest common divisor of 523775 and 525?
175
What is the highest common divisor of 323 and 18867?
19
What is the highest common divisor of 252 and 4704?
84
What is the highest common factor of 165 and 116490?
165
What is the greatest common divisor of 576884 and 2156?
308
What is the highest common factor of 91648 and 4117?
179
Calculate the greatest common divisor of 228 and 243.
3
Calculate the highest common factor of 615816 and 24.
24
Calculate the highest common divisor of 4 and 14449.
1
Calculate the greatest common divisor of 239 and 369733.
239
Calculate the greatest common divisor of 1608 and 8664.
24
What is the highest common factor of 30970 and 4940?
190
Calculate the highest common factor of 2427 and 463557.
2427
Calculate the greatest common divisor of 6336 and 11484.
396
What is the greatest common divisor of 487188 and 189?
27
What is the greatest common factor of 565916 and 260?
52
What is the highest common factor of 60761 and 1?
1
Calculate the greatest common factor of 85 and 173400.
85
What is the greatest common factor of 659260 and 140?
140
What is the greatest common divisor of 24 and 14052?
12
Calculate the greatest common divisor of 2187 and 11745.
81
What is the highest common divisor of 49495 and 7885?
95
Calculate the highest common divisor of 356 and 226683.
89
Calculate the highest common divisor of 37927 and 20332.
391
What is the highest common factor of 1156588 and 199?
199
Calculate the highest common factor of 61212 and 84.
12
What is the highest common divisor of 1195992 and 315?
63
Calculate the highest common factor of 75 and 82185.
15
What is the highest common factor of 1097616 and 96?
48
Calculate the greatest common factor of 33005 and 455.
35
Calculate the highest common divisor of 7725 and 7525.
25
What is the highest common divisor of 406143 and 27?
9
Calculate the greatest common divisor of 2049 and 51.
3
Calculate the greatest common divisor of 513 and 5947.
19
Calculate the greatest common divisor of 1115 and 1145.
5
Calculate the greatest common factor of 31 and 1428.
1
What is the greatest common divisor of 7910400 and 824?
824
What is the greatest common divisor of 5645754 and 54?
54
Calculate the greatest common divisor of 12 and 67566.
6
What is the highest common divisor of 121230 and 60?
30
Calculate the greatest common factor of 638 and 3014.
22
Calculate the highest common factor of 126048 and 130.
26
Calculate the greatest common factor of 1790260 and 20.
20
What is the greatest common factor of 10314 and 11052?
18
What is the highest common factor of 2572 and 164?
4
What is the highest common factor of 11 and 9251?
11
Calculate the highest common divisor of 228994 and 854.
122
Calculate the highest common divisor of 1406 and 1813.
37
What is the highest common divisor of 996 and 248253?
249
Calculate the greatest common factor of 16 and 145414.
2
Calculate the highest common factor of 801454 and 134.
134
What is the greatest common divisor of 3 and 16479?
3
Calculate the highest common factor of 1804518 and 648.
162
What is the greatest common divisor of 18243 and 36?
9
Calculate the highest common divisor of 7045220 and 686.
686
What is the highest common divisor of 996 and 39342?
498
Calculate the highest common factor of 11 and 13607.
11
Calculate the greatest common factor of 1215 and 1812051.
243
Calculate the highest common divisor of 1109864 and 112.
56
Calculate the highest common factor of 24637 and 1388.
347
Calculate the highest common factor of 860 and 1780.
20
Calculate the greatest common divisor of 11155 and 1081.
23
What is the greatest common divisor of 2100 and 260?
20
What is the highest common factor of 588033 and 135?
27
What is the greatest common factor of 130 and 807820?
130
Calculate the highest common factor of 1540 and 4422.
22
What is the greatest common factor of 78460 and 320?
20
Calculate the greatest common divisor of 1742 and 377746.
134
Calculate the greatest common divisor of 1125 and 14355.
45
What is the highest common divisor of 88 and 112222?
22
What is the greatest common factor of 98 and 2114?
14
Calculate the highest common divisor of 18 and 94158.
18
What is the greatest common divisor of 385951 and 365?
73
Calculate the highest common factor of 867 and 297.
3
Calculate the highest common factor of 6 and 116475.
3
What is the highest common divisor of 341374 and 3894?
1298
What is the highest common divisor of 5463720 and 432?
216
Calculate the highest common divisor of 5672 and 16.
8
Calculate the highest common factor of 44678 and 29618.
502
Calculate the highest common factor of 48680 and 50.
10
What is the highest common factor of 399 and 31787?
133
Calculate the greatest common factor of 3752 and 22043.
469
Calculate the highest common divisor of 1533 and 1365.
21
What is the highest common divisor of 6095 and 184?
23
Calculate the highest common factor of 224 and 408016.
112
Calculate the highest common divisor of 6060 and 2430.
30
Calculate the greatest common factor of 3720 and 12555.
465
Calculate the greatest common factor of 25